is the highest common divisor of i and o?
19
Let l(i) = 30*i - 158. Let d be l(17). Calculate the greatest common divisor of 77 and d.
11
Let x be (2 + (-12)/(-4))*1. Suppose -4*i = -x + 13. Let w be (0 + 1/i)*-30. What is the greatest common factor of 120 and w?
15
Suppose -86 = -2*q + 106. Calculate the greatest common divisor of 3 and q.
3
Let s be 10 + -13 - -1*7. Let j = s - -11. Let g(a) = 3*a**2 + 7*a + 9. Let w be g(-6). Calculate the highest common factor of j and w.
15
Let w be -4 + 15/(75/590). What is the greatest common divisor of w and 76?
38
Suppose -d - 3322 = -2*j, 4*j - 3*d - 9699 = -3051. What is the greatest common factor of 21 and j?
21
Let d(o) = o + 4. Let m be d(-2). Suppose 3*a = -h + 2*a + 3, -2*h + 6 = 4*a. Calculate the greatest common divisor of m and h.
1
Let z = -303 + 309. Calculate the highest common divisor of 192 and z.
6
Let y = 116 + -114. Suppose -2*c + 464 = y*c. Calculate the greatest common factor of 174 and c.
58
Let j be (-20)/(-4)*(1 - 0). Suppose j*n = -9 + 144. Let x(t) = 135*t**3 - 2*t + 2. Let w be x(1). What is the greatest common factor of n and w?
27
Let i be (-36)/(-21) - (-6)/21. Let a be i*(-36)/30*(-20)/6. Calculate the greatest common factor of a and 4.
4
Suppose c = 12*j - 15*j + 292, -3*j + 322 = -5*c. What is the highest common divisor of j and 1683?
99
Let y = -75 + 7. Let o = 83 + y. What is the greatest common factor of 3 and o?
3
Suppose -2*o - 12 = -6*o. Suppose 5*q - 152 = 3*q. Let v be -2 - (2 - 1/(4/q)). Calculate the greatest common divisor of v and o.
3
Let i(h) be the second derivative of -h**5/20 - 5*h**4/12 - 5*h**3/6 - h**2/2 - 10*h. Let a be i(-5). What is the highest common divisor of a and 72?
24
Suppose -54*b + 34221 - 4737 = 0. Calculate the greatest common divisor of 42 and b.
42
Let c(i) = 6 - i**3 + 2*i - 3*i - i - 4*i - 7*i**2. Let f be c(-6). Let q be (-6)/(f/(-2)) - 1. What is the highest common factor of 3 and q?
1
Suppose -5*x - 29 = -289. Suppose y = -5 + x. Suppose -5*b = j - 41, 4*b - y + 11 = -j. Calculate the highest common divisor of 48 and j.
16
Suppose 2*z + 2*h + 6 = 5*z, 0 = -z + 4*h + 12. Let w = z + 3. Calculate the highest common factor of 15 and w.
3
Let q(l) be the second derivative of -l**3/6 - 5*l**2/2 - 5*l. Let i be q(-10). Let n be (-4)/(-14) - 243/(-7). What is the greatest common divisor of n and i?
5
Suppose -56*z + 3864 + 2856 = 0. What is the greatest common divisor of 192 and z?
24
Suppose 0 = -4*t + 3*n + 86, 10 = -6*n + n. Suppose -4 + 21 = b. Suppose b*s - 16 = 13*s. What is the greatest common divisor of t and s?
4
Let t be 3/6 - 9/(-2). Suppose t*y - 34 = 286. What is the greatest common divisor of 16 and y?
16
Let l(n) be the first derivative of 5*n**2/2 - 24*n + 23. Let m be l(7). What is the highest common factor of m and 1?
1
Suppose 6*w + 42*w = 2400. What is the highest common divisor of w and 130?
10
Let a be (36/30)/(6/100). Let h be 55/a*(0 - -4). Let x = h + -6. Calculate the greatest common divisor of x and 10.
5
Suppose -93*y = -397 - 254. What is the highest common factor of 231 and y?
7
Suppose -3*v + 3*z + 27 = 0, z - 14 = -v + 3*z. Let r(f) = -14*f + 1. Let t be r(v). Let m = -37 - t. Calculate the greatest common divisor of m and 45.
9
Let w be 455 + -5*7/(-35). Calculate the highest common factor of 24 and w.
24
Let z(d) = d**2 + 13*d + 20. Let n be z(-7). Let f = 36 + n. What is the greatest common divisor of 14 and f?
14
Suppose 19 = 4*x + 3*u, -3*x + 2*u = 3*u - 8. Suppose 0 = -z + 4*p + 20 + x, -3*z + 3*p + 36 = 0. What is the greatest common divisor of z and 81?
9
Suppose 52*g + 777 = 2025. Calculate the highest common factor of g and 24.
24
Suppose -y + a = -a - 64, -4*a = 0. Let l be (-49)/(22 - 29) + (16/2 - -1). What is the highest common divisor of y and l?
16
Let d be ((-7)/14)/(2/(-152)). Calculate the highest common divisor of d and 532.
38
Let r = 45 + 67. Let x = -87 + 78. Let g be 1*2/x + (-762)/(-27). Calculate the greatest common factor of r and g.
28
Let p(k) = k**3 - 8*k**2 + k + 52. Let n be p(7). Suppose -4*w - 105 = -545. Calculate the greatest common factor of w and n.
10
Let d(i) = 172*i + 24. Let w be d(12). What is the greatest common factor of w and 36?
36
Suppose -s - 4*l = -4*s + 9, s + l = 3. Suppose s*w = -4*g + 34, -4*w - g + 31 = -2*w. Let z = 849 + -831. Calculate the highest common factor of z and w.
18
Let c = -124 + 215. Suppose -6*b + 2*b - 44 = -4*q, 0 = 5*q - b - 63. What is the greatest common divisor of c and q?
13
Let d(r) = -r**3 - 7*r**2 - 10*r - 15. Let a be d(-6). Let f be a/(-18)*6*-1. Calculate the highest common divisor of 24 and f.
3
Let h(m) = m**3 + 8*m**2 + m - 9. Let k be h(-8). Let j be k/(-5) - 2/5. Let a be 132 + ((-12)/(-4) - j). What is the greatest common factor of a and 22?
22
Suppose 0*h + 44 = -2*h. Let s be (-222)/(-11) - (-4)/h. Let m = -247 + 387. Calculate the highest common factor of s and m.
20
Let o = -163 - -242. Let r = -47 + o. Let z = -145 + 225. What is the greatest common factor of r and z?
16
Suppose 170 = -4*g - 126. Let i = g + 82. Calculate the highest common factor of 72 and i.
8
Let i be 2/(-1)*(-7)/(14/85). Let w = i - 75. Let j(d) = -2*d - 1. Let a be j(-3). Calculate the highest common factor of a and w.
5
Suppose -4 = -7*a + 3*a + 2*x, 5*x = 5*a. Let u = 6 - a. Suppose -3*r = -u*q - 26, -5*r - q + 70 = -4. Calculate the greatest common divisor of 98 and r.
14
Let d = 112 + -66. Suppose 4*l - 244 = -3*r, -r + 31 = -3*l - d. Calculate the greatest common factor of r and 32.
16
Let w be (-8 + 2)/((-24)/(-36)). Let h be 4/((12/w)/(-1)). What is the highest common factor of 21 and h?
3
Suppose 0 = -w - 5*w + 1890. What is the greatest common divisor of w and 90?
45
Let b(m) = -m**3 - 27*m**2 - 17*m - 289. Let a be b(-27). Calculate the highest common divisor of 60 and a.
10
Let k(a) = -19*a + 231. Let c be k(6). What is the highest common divisor of c and 429?
39
Let q = -457 + 793. Calculate the greatest common divisor of q and 48.
48
Suppose -2*a - 13 + 19 = 0. Suppose -d + 3*g - 6 = -20, -22 = -2*d + a*g. What is the highest common divisor of d and 28?
4
Suppose 2*u + j - 20 = 0, -16*u + 11*u = 4*j - 50. What is the highest common factor of 2010 and u?
10
Let y(w) = -2*w**3 - 31*w**2 + 16*w + 2. Let d be y(-16). Suppose -g + 22 = -d. What is the greatest common factor of 84 and g?
12
Let j be (4 + 300/(-48))*(-64)/3. What is the greatest common divisor of j and 156?
12
Let f(b) = -b**3 + 19*b**2 - 56*b - 24. Let t be f(15). Suppose -j + r = -29, 0*j = 2*j - r - 56. Calculate the highest common factor of t and j.
9
Let s(k) = 2*k**2 + 10*k - 7. Suppose 4*b + 0*b = 64. Suppose 5*w + 19 = -b. Let i be s(w). Calculate the greatest common divisor of i and 3.
3
Suppose 0 = 19*k - 21*k + 450. What is the highest common factor of 9 and k?
9
Suppose -3*v = 2*g - 146, -4*v + 36*g = 32*g - 188. What is the highest common divisor of 252 and v?
12
Suppose 0 = 15*q - 885 + 120. Let x = 324 - 188. Suppose v = -3*v + x. Calculate the greatest common divisor of v and q.
17
Let j(a) = -3*a - 5. Let x be j(-3). Suppose 2*w = l - 31, -5*l + x*w = -0*w - 131. Calculate the greatest common factor of 92 and l.
23
Let i be (-7 - -11)*2 + 27. What is the greatest common factor of i and 875?
35
Let n = -26 + 36. Let j(x) = 2*x**3 - 42*x**2 - 44*x + 4. Let f be j(22). Calculate the greatest common factor of n and f.
2
Let i = -188 + 206. What is the highest common divisor of i and 126?
18
Let y = -72 + 150. Let g(o) = o**3 - 11*o**2 - 17*o + 5. Let q be g(12). Let s = q + y. What is the greatest common divisor of 69 and s?
23
Suppose -4*u = p - 42, p = -3*p + 2*u + 96. Suppose -26 = -4*c + p. Calculate the greatest common factor of c and 13.
13
Let a = 30 - 28. Let h be -24*((-16)/3)/2. Suppose v - 27 = -3*n, -a*n = -3*v + 6 + h. Calculate the greatest common factor of 24 and v.
24
Let y = 710 + -650. Calculate the greatest common divisor of 1260 and y.
60
Let x be (-585)/26*(0 - 2/3). Calculate the greatest common factor of 132 and x.
3
Let p be (-2)/((15/20)/(9/(-8))). Suppose p*j + 90 = 5*j. Calculate the greatest common divisor of 5 and j.
5
Let h be (-32)/(-10)*-140*(-9 + 8). What is the highest common factor of 168 and h?
56
Let r(l) = l**2 +